 is the greatest common factor of 15 and p?
15
Suppose 2*u - 743 = -5*h, 3*u + 5*h - 1624 + 512 = 0. Suppose 4*l - 27 = u. Calculate the highest common factor of 9 and l.
9
Let l be (-700)/(-22) + (-27)/33 + 1. What is the greatest common factor of l and 144?
16
Let z be (-2)/((-3 + -1)/(-4)). Let r be z*(2 - (-6)/(-4)). Let g = 8 - r. Calculate the highest common divisor of g and 99.
9
Let o = -241 - -268. What is the highest common factor of 9 and o?
9
Let h be ((-420)/(-25))/((-2)/(-5)). What is the greatest common divisor of h and 24?
6
Let t = -3326 + 3360. Let w(c) = c**2 - 6*c - 7. Let r be w(7). Suppose r = 3*b + 6, -5*o + 0*b + 1356 = 2*b. Calculate the greatest common factor of o and t.
34
Suppose c = -2*o + 85, -5*o - c + 315 = 95. Suppose -4*p - o = -5*p. Calculate the greatest common factor of p and 5.
5
Let a(v) = v**2 - 3*v + 2. Let x be a(4). Suppose x*g - 75 = 195. Calculate the greatest common factor of 315 and g.
45
Let y(a) = 8*a - 5. Let x(v) = v**2 + 3*v + 2. Let u be x(-3). Let m be y(u). What is the greatest common factor of m and 55?
11
Suppose -5*d + 244 = -116. Suppose 4*h + 4*a + 148 = -104, 2*a = -h - 58. Let c = h + 86. What is the greatest common divisor of d and c?
18
Suppose 0 = 52*d - 11217 - 8335. What is the greatest common factor of d and 24?
8
Suppose 0 = -k + 13*k - 1032. Calculate the greatest common divisor of k and 688.
86
Suppose -19 + 4 = -n + 5*a, 3*n - a = 3. Suppose -l + n*l = 5. Let j(y) = -y**2 - 13*y - 5. Let c be j(l). What is the highest common factor of c and 5?
5
Let d = 1710 - 1709. Calculate the highest common factor of 49 and d.
1
Let m be 6 - (5 - 1) - 0. Suppose -5*a + 42 = m*a. Suppose -315 = f - a*f. What is the greatest common factor of 21 and f?
21
Suppose 363 = 4*r + 339. Let f(i) = -i + 1. Let u be f(-1). Calculate the greatest common divisor of r and u.
2
Let g be ((-140)/12)/(2/(-6)). Let d be (-1)/6 + 258/36. Calculate the greatest common factor of g and d.
7
Let w(l) = -65*l + 4. Let t be w(-4). Suppose -4*m - t = -u, 0 = 5*u - u - 2*m - 1000. Let a be u/16 + 1/2. Calculate the greatest common factor of 112 and a.
16
Let l(g) = -g**3 + 4*g**2 - g - 4. Let u be l(2). Suppose 0 = 3*s - 3*c - 237, -237 = -u*s - 4*c - 49. What is the greatest common factor of s and 28?
28
Suppose 98 + 24 = 2*a. Suppose -7*q - 5 = -a. Let g be (q/(-4)*-1)/2. Calculate the greatest common divisor of g and 1.
1
Let u be ((-37)/1)/(-1) + 1. Let s = -2 + u. Let a(i) = i**2 + 10*i + 13. Let w be a(-9). What is the highest common divisor of s and w?
4
Let f be 11 + -5 - 9 - -79. Calculate the greatest common divisor of f and 38.
38
Let m = -24 - -24. Suppose m = 3*w - 2*w - 44. Calculate the greatest common factor of 110 and w.
22
Let q(y) = -57*y + 5. Let w be q(-3). Let j = 83 - 72. What is the highest common factor of j and w?
11
Let n = 17 + -14. Suppose -n*s + 3*f = 4*f + 14, 5 = -f. Let b = s - -25. Calculate the greatest common factor of 33 and b.
11
Suppose 2*p - 2 - 6 = 0. Let i(m) = -2*m**2 + 67*m - 1. Let k = -137 - -170. Let n be i(k). What is the greatest common divisor of p and n?
4
Let t = -2933 + 2943. Calculate the highest common divisor of t and 270.
10
Suppose -110 = -4*b - 2*v, -4*v - 1 = -5*b + 130. Calculate the highest common divisor of b and 1593.
27
Let h be 35*(-1)/((-5)/22). Let c(i) = -3*i**2 - 29*i - 44. Let l be c(-6). Calculate the highest common factor of l and h.
22
Let d be 28218/63 - (-26)/273. Calculate the greatest common factor of 7 and d.
7
Let t(w) = w + w**2 + 1 + 0*w - 2*w - 31*w**3 + 2*w. Let x be t(-1). Calculate the highest common factor of 32 and x.
32
Let m be (-2)/(-3) - 106/(-3). Calculate the greatest common divisor of m and 18.
18
Let b = 0 - -1. Let d be ((-20)/(-240))/(6/(-32))*-9. What is the highest common divisor of b and d?
1
Suppose -4*l + 12 + 40 = 0. Calculate the highest common factor of l and 39.
13
Let g be (-162)/(-10) + (155/(-25) - -6). Calculate the highest common divisor of 8 and g.
8
Let q be 6/8 + (-205)/(-20). Suppose -q = -j + 1. What is the highest common divisor of 18 and j?
6
Let q = 54 - 15. Let y be -78*((-495)/(-10))/(-11). What is the greatest common divisor of y and q?
39
Suppose 3*u - 706 - 662 = 0. What is the highest common divisor of 18 and u?
6
Let w(k) = 12*k**3 + 3*k**2 - 3*k + 2. Suppose -6 = 3*x - 6*x. Let n be w(x). Suppose 2*y = -2 + 28. Calculate the highest common divisor of y and n.
13
Let r = 2015 - 1189. What is the greatest common divisor of r and 42?
14
Let o(g) = 2*g**3 - 96*g**2 + 2*g + 8. Let q be o(48). What is the highest common factor of q and 16?
8
Let h be 0*(-2)/(-4) - -8. Let g(s) = -92*s**3 - 645*s**2 - 9*s - 10. Let t be g(-7). Calculate the greatest common factor of h and t.
4
Let k be 170/51*(-36)/(-10). Suppose k = -8*j + 300. Calculate the greatest common divisor of 60 and j.
12
Let h be (-40 + 52)/(3/7). Calculate the highest common factor of 70 and h.
14
Let v(r) = 16*r**3 + r. Let w be v(1). Suppose -w - 3 = -u. Let o be u*1*(-1)/(-2). Calculate the highest common factor of 20 and o.
10
Let v(o) = o**3 - 2*o**2 - 11*o + 6. Let m be v(5). Suppose -6*g + 116 = m. Let b(d) = -6*d. Let q be b(-1). Calculate the greatest common divisor of q and g.
3
Let i(z) = 2*z + 7. Let v be i(-2). Suppose -2*o - v*x = -86, 5*o + 0*o - 202 = -x. What is the highest common factor of o and 320?
40
Suppose -11934 = 47*b - 56*b. What is the greatest common factor of b and 102?
102
Suppose -72*v = -9759 - 4209. Calculate the greatest common factor of v and 873.
97
Let i(k) = 2*k**2 + 6*k - 8. Let s be i(-8). Suppose -9*z - 24 = -6*z. Let h = 1 - z. Calculate the greatest common divisor of s and h.
9
Suppose 79*r - 83*r + 84 = 0. What is the highest common factor of 49 and r?
7
Let s = -76 - -151. Let p be (-18)/(-4) - 15/30. Let a(y) = y**3 - 4*y**2 + 7*y - 3. Let i be a(p). Calculate the greatest common factor of s and i.
25
Suppose 4*i + 124 = 5*u + 4, 0 = 5*i. Calculate the greatest common divisor of u and 12.
12
Let o = 456 - 291. Suppose -19 = -r - 2*f, 4*f - 23 = r - 2*r. Calculate the greatest common divisor of r and o.
15
Suppose 237 = 3*q + 5*s, -4*q + 397 = -4*s + 113. Let i = 76 - q. Calculate the highest common factor of i and 16.
2
Let j = 49 - -50. Suppose -3*l + v = -330, v - 121 = -2*l + j. What is the highest common divisor of 10 and l?
10
Let p = 1872 + -1652. Calculate the greatest common divisor of p and 352.
44
Let z(b) = -b**2 - b + 3. Let u be z(0). Suppose o + 1 = -u*s + 3, -2*s = o. Let j be (-10 + -9 - -10) + 11. Calculate the greatest common divisor of s and j.
2
Suppose -4*f - 42 = 2*m, 0*m - 6 = 2*m. Let s be -5 - (-5 + 0 + 1). Let c be s/4*180/f. What is the highest common factor of c and 45?
5
Suppose 33*g - 960 = 17*g. What is the greatest common divisor of 140 and g?
20
Suppose 3*m + 5*u = -2*m - 105, 5*m - 2*u + 126 = 0. Let q be (-4)/m + 130/12. What is the highest common factor of q and 33?
11
Suppose -2*i = 3*i - 250. Let r(v) = -10*v + 40. Let n be r(3). Calculate the highest common factor of n and i.
10
Let r = 12 - -2. Let v = r - 18. Let z be 190/((-8)/v) - -3. What is the highest common divisor of z and 14?
14
Suppose -262*v - 1300 = -287*v. Calculate the highest common factor of 468 and v.
52
Let h = 54 + -48. Let v be (-15)/(-10)*40/h. Calculate the highest common factor of 10 and v.
10
Let j = 379 - 367. Calculate the highest common divisor of 1068 and j.
12
Let k(u) = -u**2 + 49*u + 12. Let w be k(41). Calculate the highest common divisor of w and 20.
20
Let x(l) = -l**3 + l**2 - l + 217. Let m(r) = -16*r - 2. Let q be m(1). Let a = q - -18. Let g be x(a). Calculate the greatest common factor of g and 31.
31
Let g be (-1 - -24)/(2/4). Let y = 54 - g. Calculate the highest common divisor of 1 and y.
1
Let q = -1013 - -1021. Let d be (4/10)/(1/80). Calculate the greatest common factor of d and q.
8
Let r be 4374/30 + (-24)/(-20). Calculate the highest common factor of r and 98.
49
Suppose z - 38 = 5*v + 30, 5*z = 3*v + 428. Calculate the greatest common divisor of 704 and z.
88
Let r(l) = 0*l + 0*l + l - 3*l. Let a be ((-18)/7)/((-1)/42*-9). Let w be r(a). Calculate the highest common divisor of 24 and w.
24
Suppose -47*i - 540 = -52*i. What is the highest common 